uppose -v = -f - g. Calculate n(f).
24
Let x(k) = -7*k**2 - 6*k - 12. Let v(o) = 16*o**2 + 13*o + 26. Let f(p) = 4*v(p) + 9*x(p). Let z = -7 + 5. Let g be (33/55)/(z/(-10)). Give f(g).
-1
Suppose 3*b = -9, a + 5*b + 19 = 3*a. Let v(w) = 2 - 6*w**2 - 3*w - 12*w**3 + a*w - 8 + 11*w**3. Let i(y) = 2*y - 18. Let k be i(6). Give v(k).
0
Suppose 2*k - 3*t - 291 = 1569, -t - 2783 = -3*k. Let x(r) = -r**2 + 8*r - 466 - 454 + k. Calculate x(6).
19
Let c be -2 - ((-100)/(-450) - 65/9). Let m(b) = b**2 - 5*b - 6. Give m(c).
-6
Let q(d) = d**3 - 10*d**2 - 3*d + 7. Suppose 0 = -5*r - 301*j + 306*j + 65, -15 = 5*j. Determine q(r).
-23
Let k(o) = -o + 77. Suppose 65*t + 3*p = 60*t + 231, 4*t + p = 182. Give k(t).
32
Let i(z) = -4*z**3 - 1 + 2*z**2 - 3*z**2 - 7*z**3 - z. Let a(t) = 14*t - 1345. Let k be a(96). What is i(k)?
10
Suppose 0 = -5*t + 2*t + 3*h + 3, -2*h + 4 = t. Let s(n) = n + n**2 - 6*n**t + 10 - n**2 + 5*n**2. Let k be (-1)/1*(2 - 2). Give s(k).
10
Let p(i) = -2*i**3 - 6*i**2 + 6*i - 22. Let o be p(-5). Let t = o + -52. Let g(l) = 2*l**2 + 3*l + 2. Give g(t).
22
Let z(q) = -15 + 168*q + 50 - 85*q - 76*q. Let p(o) = -6*o - 31. Let d(j) = 6*p(j) + 5*z(j). Calculate d(-7).
-4
Let w(p) = 10*p**2 - 100*p + 14. Let k(a) = 5*a**2 - 47*a + 6. Let x(v) = 9*k(v) - 4*w(v). Determine x(5).
8
Let d(v) = -33*v + 13. Let b(k) = -k**3 + 69*k + 134. Let t be b(-2). What is d(t)?
-119
Let l(f) be the second derivative of -f**7/2520 + f**6/90 - f**5/20 + 17*f**4/4 + f**3/6 - 15*f + 2. Let r(z) be the third derivative of l(z). Calculate r(6).
6
Let h = 68 + -51. Suppose -h*s + 15 = -14*s. Let b(j) = s*j**2 + 72 + 2*j**3 - j**3 - 5*j - 64. What is b(-6)?
2
Let s(f) = -7*f**2 - 212*f - 23. Let h(n) = -3*n**2 - 98*n - 11. Let c(v) = -13*h(v) + 6*s(v). Give c(5).
-60
Let l(k) = -k**3 - 36*k**2 - 42*k + 888. Let n be l(-34). Let p(u) = u**3 - 7*u**2 + 12*u - 14. Calculate p(n).
-14
Let j(o) = -8*o - 4. Let y(r) = 10*r + 5. Let t(v) = 6*j(v) + 5*y(v). Suppose 0 = -41*d + 28*d - 26. Determine t(d).
-3
Let i(s) = s**3 + 6*s**2 - 73*s - 12. Let b = -18452 + 18440. Determine i(b).
0
Let i(b) = -17*b**2 - 19*b - 15. Let n(j) = -27*j**2 - 29*j - 23. Let h = -194 - -199. Let v(w) = h*n(w) - 8*i(w). Give v(-4).
-7
Let h(r) be the third derivative of r**5/20 - 7*r**4/2 - 83*r**3/6 - 7614*r**2. Calculate h(29).
4
Let l(p) = -p**3 + 8*p**2 - 10*p + 6. Let f be ((6/(-4))/3*-10)/1. Suppose 2 = -f*m + 12. Let h be (-1*(-45)/5)/(3/m). What is l(h)?
18
Let r(w) = w**2 - 15*w + 5. Let a(y) = 6*y**2 + 76*y + 61. Let x be a(-12). Give r(x).
-21
Let k(p) be the second derivative of p**4/12 - 19*p**3/6 - 87*p**2/2 + 2*p - 334. What is k(23)?
5
Let k(m) = -2 + 2*m**2 + 19 - 12 + 7*m - m**2. Suppose -7 = u - 2. What is k(u)?
-5
Let t = 426 + -424. Suppose t*p - 72 = -7*p. Let q(d) = 4*d - 12. Determine q(p).
20
Let b(y) be the first derivative of y**4/4 + 5*y**3/3 - 7*y**2 + 6*y - 1957. Give b(-7).
6
Let i be 3 - (2 - (96 + 4)). Let h(q) = 38*q - 1 - i*q - q**2 + 54*q. Determine h(-7).
13
Let j(k) = -2*k**2 - 199*k - 765. Let h be j(-4). Let s(l) = -8*l**3 + 2*l**2 - 17*l - 18. Calculate s(h).
9
Let h be (((-462)/12)/(-11))/((-2)/12). Let s = h + 26. Let a(t) = 3*t - 10 + 2 - 2*t. Determine a(s).
-3
Let t(z) = 5*z**2 + 49*z + 95. Let d be t(-2). Let y(m) = -m**2 + 7*m + 175. What is y(d)?
5
Let h be 4/(-14) + (-714)/(-98) + 0. Let r(p) be the first derivative of p**3/3 - 5*p**2/2 - 14*p + 4. What is r(h)?
0
Let p(v) = -93*v**3 - v**2 + 7*v - 6. Let z be p(1). Let j = z - -103. Let w(u) = u**2 - 10*u - 5. Calculate w(j).
-5
Let u(i) = i - 10. Let g be u(12). Let t(p) = -5*p + p**3 - 5*p**g + 22*p - 14*p. Suppose 45*a - 48*a = -9. What is t(a)?
-9
Suppose -2*x - 8 = 0, -5*s + 5*x + 41 + 24 = 0. Suppose s*b - 54 = -108. Let g(i) = -i**3 - 6*i**2 - 3*i - 4. Determine g(b).
14
Suppose -7*k + 525 = 462. Let x(s) = 9*s**3 + 2*s**2 - k + 7*s**3 + 22*s**3 + 10 - 2*s. Give x(1).
39
Let m(k) be the first derivative of -k**4/4 + k**3 + 5*k**2/2 - 5*k + 2819. Give m(4).
-1
Suppose 146*k + 8 = 134*k - 4. Let y(a) = -13*a**3 + a**2 - 4*a - 5. Calculate y(k).
13
Let v(x) = 3*x + 4. Let u(l) = 33*l + l**3 - 14*l - 3*l**2 + l**2 - 29 - 9*l**2 - 7*l**2. Let f be u(17). What is v(f)?
19
Let l(p) = 31*p - 9*p + p**2 + 84 - 29 - 30 - 20. Calculate l(-9).
-112
Let y = 24 + -18. Let w(x) = -y + 13*x + 2 + 2 - 4*x. Let n be (4/(-6))/(-2 - (-35)/21). Determine w(n).
16
Let h(i) = i**2 + 3*i - 1. Let t(x) = -3*x**3 - 33*x**2 - 88*x + 2. Let u be t(-6). Give h(u).
69
Let j(d) be the second derivative of -d**5/20 - 13*d**4/12 + 25*d**3/6 + 75*d**2 + 1093*d + 2. Give j(-14).
-4
Let z = 73 + -54. Let v(q) = -2*q + 39. Let p be v(z). Let r(k) = 0 + 72*k + k**3 - 76*k - p + 4*k**2. Give r(-5).
-6
Let w(s) = -s**2 + 15*s - 5. Let n(k) = -k**3 - 30*k**2 - 21*k + 36. Let x be n(-29). Let b = -182 - x. Calculate w(b).
9
Let f(l) = -l**2 - 49*l - 90. Let r be f(-2). Let q(k) = -2*k**3 + 6*k**2 - 4*k - 6. What is q(r)?
-54
Let f(l) = -4*l**3 - l - 1. Suppose -6*b + 5*t - 9 = -4*b, 4*b + 12 = 4*t. Give f(b).
33
Let o(b) be the first derivative of 3*b**2/2 + 3*b + 3598. What is o(-9)?
-24
Let j(v) = 23*v**2 + 58*v - 250. Let z(w) = 9*w**2 + 29*w - 124. Let u(r) = -2*j(r) + 5*z(r). What is u(24)?
0
Let g(p) = p**2 - 4*p + 5. Let m(x) = x**2 + 5*x + 9. Let d = -46 - -43. Let y be m(d). Let w be 7 + (-5)/5*y. Give g(w).
5
Let w(h) be the third derivative of 5/24*h**4 - 11*h**2 + 0 - 3*h - 1/6*h**3 - 1/60*h**5. What is w(2)?
5
Let v be 2/23 - (-100276)/(-1012). Let b be ((-10)/(-6))/(1001/v - -10). Let m(u) = -2*u - 15. Calculate m(b).
15
Let j be (-2)/6*(-123 - -123). Let h(l) = l**3 - l + 68. Give h(j).
68
Let v = 3322 - 3325. Let z(h) = -4*h**2 + 4*h - 2. Determine z(v).
-50
Let j(q) = -4*q - 9. Let b(o) = o**3 - 8*o - 1. Let m be b(3). Let c be (4 + 2)/(m*(-6)/(-32)). Suppose -4*f - c = 8. Give j(f).
15
Let h(d) = -52*d + 462. Suppose 234*j = 484*j - 2250. Give h(j).
-6
Let f(v) = -v**3 - 2*v**2 - 3*v - 36. Let n be (-1)/(-7) + (-1 - -2)/(70/(-10)). Determine f(n).
-36
Suppose -113 + 14 = 8*q + 29. Let m(i) = -i**2 - 12*i + 59. Give m(q).
-5
Let f(b) = b**3 + 5*b**2 - 9*b - 2. Let w be ((-2)/(11 + -10))/(4/(-78)). Suppose -6*d = -w*d - 198. Give f(d).
16
Let f(k) = -6 - 6*k + 29*k - 6*k - 14*k - 5. Determine f(-5).
-26
Let u(p) be the third derivative of -p**4/24 - 13*p**3/6 + 6*p**2. Suppose -8*g - 3*i - 16 = -7*g, 5*i = -10. Give u(g).
-3
Suppose 0 = -6*c - 11 + 35. Suppose 0 = -c*v + 103 - 359. Let j = v - -62. Let g(h) = -3*h + 1. Give g(j).
7
Let c = 185 + -179. Suppose -c*y + 20 = -3*y + 2*s, -3*s + 8 = -y. Let k(o) = -o**3 + 5*o**2 - 4*o - 1. Give k(y).
-1
Let q be ((-4)/(-6))/((-2)/(-183)). Let y be 843/15 + 32/40. Let w = y - q. Let x(u) = 2*u - 1. Determine x(w).
-9
Let r = -1 + 1. Let x(k) = 3*k - 45. Let h(p) = -7*p + 101. Let c(g) = -4*h(g) - 9*x(g). What is c(r)?
1
Let g(q) = -23*q - 50. Let b = 19715 + -19718. What is g(b)?
19
Let v(s) = s + 34*s**2 - 547*s**3 + 546*s**3 - 67 + 32*s**2. Give v(66).
-1
Let f(j) be the first derivative of -j**4/2 + j**3/3 + 3*j**2/2 - 3*j - 3. Let i be 1 + 1/3*3. Suppose -2 = -4*k - i*r, -2*k - 7 = 2*k + 5*r. Determine f(k).
-9
Let f be (-7)/(-5) - (-6)/10. Suppose 0 = w + 5, 5*w - 2*w + 21 = f*v. Let q(l) be the third derivative of 5*l**4/24 + 9132*l**2. Give q(v).
15
Let q(s) = 7*s. Let j(g) be the third derivative of -5*g**4/24 - 31*g**3/6 + g**2. Suppose 86 = -11*t + 20. Let k be j(t). What is q(k)?
-7
Let r be 0 - -15 - (-6)/3. Suppose r*t - 24 = 13*t. Let m(l) = 1 - 3571*l + 1785*l - l**3 + 5*l**2 + 1790*l. Determine m(t).
-11
Let k(d) be the second derivative of -2*d**2 + 1/20*d**5 + 6 - 3*d - 5/12*d**4 + 1/2*d**3. Let y = -1 + 5. Determine k(y).
-8
Let o(q) = -q**2 - 1. Let u be 1044/(-60) + 4/10. Let p = -15 - u. Let c be p*(1/(-2) - (2 + -3)). Give o(c).
-2
Let p be 4/(-26) - 378/78. Let x(k) = k - 4. Let b(s) be the third derivative of 2*s**3/3 + 10*s**2. Let q(i) = p*x(i) - 6*b(i). Give q(4).
-24
Let u(c) = -c**2 - 6*c + 10. Let i(j) be the first derivative of j**3/3 - 5*j**2 - 7*j + 23. Let t = -74 - -84. Let z be i(t). Give u(z).
3
Suppose -4*p - p = -5*i - 105, 4*p - 69 = -i. Let o(f) = 37*f - 29*f + 0 - f**2 - 5 + 1 - p*f. Give o(-9).
5
Let o = 24 - 20. Let v be o - 